 base 16?
c2c
Convert 13a4 (base 12) to base 13.
1069
406 (base 14) to base 6
3354
What is 10266 (base 8) in base 9?
5773
1001010111010 (base 2) to base 5
123134
-2d3 (base 14) to base 10
-577
Convert -31360 (base 11) to base 5.
-2430213
What is -12751 (base 8) in base 16?
-15e9
What is -3921 (base 11) in base 3?
-21000002
Convert -112221 (base 3) to base 4.
-12103
-41002 (base 5) to base 10
-2627
What is 5934 (base 10) in base 8?
13456
717 (base 11) to base 16
361
What is 2325 (base 9) in base 3?
2100212
Convert 111120021 (base 3) to base 13.
4669
What is 132400 (base 6) in base 10?
12240
-1102002 (base 3) to base 2
-10000000100
Convert -15393 (base 10) to base 8.
-36041
Convert 22861 (base 12) to base 8.
132111
Convert -703 (base 9) to base 15.
-280
Convert -735 (base 13) to base 16.
-4cb
What is 2035 (base 6) in base 3?
121212
What is -443e (base 15) in base 6?
-150535
4627 (base 9) to base 3
11200221
Convert 173 (base 8) to base 11.
102
Convert -34207 (base 9) to base 7.
-123244
-7219 (base 11) to base 14
-36c3
Convert 246 (base 13) to base 11.
330
Convert -2420 (base 6) to base 16.
-24c
What is -7109 (base 16) in base 10?
-28937
Convert -467 (base 8) to base 12.
-21b
123b (base 12) to base 14
a75
605 (base 9) to base 5
3431
What is 7643 (base 9) in base 14?
20a0
Convert -121415 (base 6) to base 10.
-10739
What is -ab46 (base 13) in base 8?
-56517
bd3 (base 16) to base 9
4133
-22011120 (base 3) to base 2
-1011101000011
-1d7b (base 16) to base 2
-1110101111011
-28a9 (base 12) to base 8
-11201
Convert 100001200 (base 3) to base 12.
39a6
Convert 4154 (base 10) to base 9.
5625
-489 (base 11) to base 6
-2405
2053 (base 9) to base 4
113202
What is -1456 (base 15) in base 10?
-4356
What is -4152 (base 9) in base 11?
-2318
-32110 (base 6) to base 9
-5876
What is 1003 (base 9) in base 4?
23130
What is 1230000 (base 4) in base 14?
273a
Convert 4135 (base 6) to base 16.
39b
What is 10b29 (base 12) in base 3?
1010122220
Convert 122202 (base 3) to base 9.
582
Convert -98a9 (base 11) to base 13.
-5c41
Convert 21303 (base 6) to base 7.
11340
What is 303323 (base 4) in base 8?
6373
2040 (base 6) to base 2
111001000
What is -308b (base 13) in base 8?
-15062
Convert -13682 (base 9) to base 16.
-245c
What is -1431 (base 6) in base 9?
-461
546 (base 8) to base 14
1b8
What is 53aa (base 16) in base 4?
11032222
21 (base 11) to base 6
35
Convert c661 (base 14) to base 10.
34189
Convert 215224 (base 7) to base 16.
93d6
Convert -26737 (base 8) to base 4.
-2313133
-14253 (base 6) to base 10
-2265
5723 (base 13) to base 4
2332211
11416 (base 8) to base 3
20200200
What is 1101110001 (base 2) in base 9?
1178
Convert -115a (base 15) to base 9.
-5044
-4638 (base 12) to base 5
-222240
536 (base 9) to base 13
279
Convert be0 (base 15) to base 2.
101001111101
What is c1c (base 16) in base 12?
1964
-37650 (base 8) to base 9
-24316
Convert -201742 (base 8) to base 10.
-66530
Convert 18b (base 12) to base 5.
2001
Convert -bd27 (base 15) to base 10.
-40087
110111 (base 4) to base 12
905
112011012 (base 3) to base 12
5b7b
-55117 (base 8) to base 3
-1011201021
Convert 122102 (base 3) to base 15.
215
What is -6226 (base 7) in base 4?
-202000
57613 (base 8) to base 7
131211
What is -3a3 (base 15) in base 6?
-3500
What is 35b9 (base 14) in base 5?
300000
What is 510 (base 12) in base 10?
732
Convert -65a (base 12) to base 6.
-4154
1000011000111100 (base 2) to base 12
17a78
What is 778 (base 13) in base 4?
110002
What is -804 (base 11) in base 4?
-33030
What is -81b (base 13) in base 9?
-1788
3460 (base 8) to base 13
ab7
What is -12003331 (base 4) in base 2?
-110000011111101
What is -2221 (base 10) in base 9?
-3037
What is -77c (base 15) in base 9?
-2280
4515 (base 6) to base 15
4a5
What is 326 (base 10) in base 16?
146
3254 (base 6) to base 10
754
What is 193c (base 16) in base 7?
24556
-514 (base 6) to base 9
-231
Convert -423 (base 5) to base 15.
-78
1012210012 (base 3) to base 9
35705
5a6 (base 12) to base 8
1516
What is -1107 (base 12) in base 7?
-5323
Convert 2804 (base 11) to base 14.
1478
What is -4a4 (base 12) in base 14?
-380
What is -28061 (base 9) in base 16?
-4a41
What is -3315 (base 10) in base 8?
-6363
Convert 121244 (base 5) to base 11.
3489
Convert -103 (base 15) to base 8.
-344
What is -564 (base 8) in base 7?
-1041
Convert 32868 (base 10) to base 2.
1000000001100100
Convert 111140 (base 6) to base 7.
36153
Convert -27a (base 15) to base 8.
-1065
Convert -44027 (base 10) to base 12.
-2158b
-223 (base 6) to base 10
-87
12d5 (base 16) to base 12
2959
Convert -280c (base 14) to base 9.
-10623
What is -1668 (base 13) in base 8?
-6341
-eb36 (base 15) to base 7
-265056
What is -7827 (base 9) in base 3?
-21220221
Convert 11332 (base 8) to base 12.
2962
Convert -200000111 (base 3) to base 7.
-53203
-676 (base 12) to base 3
-1022100
-7014 (base 10) to base 16
-1b66
Convert 100000000 (base 2) to base 10.
256
What is 231430 (base 5) in base 16?
20ad
What is 1483 (base 10) in base 13?
8a1
-13107 (base 8) to base 13
-2799
Convert -11b6 (base 12) to base 7.
-5601
Convert -4131 (base 10) to base 13.
-1b5a
What is -1141 (base 15) in base 6?
-24541
What is -100000010 (base 2) in base 16?
-102
What is -3b6 (base 14) in base 10?
-748
1201002 (base 4) to base 14
2398
What is 413 (base 10) in base 4?
12131
Convert 23321 (base 6) to base 10.
3361
2002220 (base 3) to base 8
3000
What is 3121 (base 5) in base 10?
411
What is 12f0 (base 16) in base 2?
1001011110000
What is -264 (base 11) in base 13?
-1b0
-9b6d (base 16) to base 6
-504113
104 (base 14) to base 3
21102
1001010000000 (base 2) to base 6
33532
-102121102 (base 3) to base 2
-10000100001110
-324 (base 12) to base 9
-561
Convert 1184 (base 11) to base 8.
3010
Convert -12112222 (base 3) to base 10.
-4049
Convert -21200112 (base 3) to base 9.
-7615
What is 21123 (base 7) in base 15?
1826
Convert -232 (base 12) to base 4.
-11012
What is -1001011121 (base 3) in base 8?
-50070
What is -12c7 (base 15) in base 8?
-7654
Convert c4a (base 13) to base 8.
4052
Convert -7054 (base 13) to base 5.
-443243
Convert 19472 (base 11) to base 7.
142152
Convert -210200 (base 3) to base 7.
-1464
What is -1081 (base 10) in base 7?
-3103
What is -103 (base 4) in base 16?
-13
What is -41122 (base 6) in base 11?
-4105
-a53 (base 13) to base 12
-1026
What is 2214333 (base 5) in base 16?
973e
53b6 (base 16) to base 15
653a
Convert -c73b (base 13) to base 7.
-143313
What is -1d38 (base 14) in base 11?
-4017
What is -4106 (base 11) in base 15?
-1936
Convert 763 (base 8) to base 5.
3444
-1309 (base 10) to base 9
-1714
-874 (base 11) to base 8
-2031
What is -494 (base 14) in base 8?
-1622
Convert 1010100010000001 (base 2) to base 7.
236523
Convert -5351 (base 6) to base 9.
-1604
-b79 (base 12) to base 15
-76c
What is -24020 (base 9) in base 4?
-3322320
-425 (base 13) to base 5
-10312
What is -12618 (base 9) in base 11?
-6448
What is -14403 (base 10) in base 8?
-34103
35 (base 6) to base 16
17
What is 14433 (base 9) in base 16?
2667
-425 (base 14) to base 10
-817
What is -36 (base 16) in base 15?
-39
What is 1120403 (base 5) in base 13?
91c5
What is 1946 (base 13) in base 16?
ec0
What is -1452 (base 6) in base 10?
-392
What is 37356 (base 10) in base 14?
d884
Convert 3022033 (base 4) to base 15.
3c7d
-53786 (base 9) to base 2
-1000101100110101
Convert 5045 (base 13) to base 16.
2b22
Convert -13111222 (base 4) to base 12.
-1548a
-103302 (base 5) to base 16
-df9
5441 (base 6) to base 11
a36
4023 (base 8) to base 16
813
What is -92bf (base 16) in base 4?
-21022333
Convert 1201 (base 14) to base 3.
11022012
Convert -20101101 (base 3) to base 11.
-3551
What is -2666 (base 7) in base 11?
-855
Convert 825 (base 10) to base 13.
4b6
What is -6903 (base 16) in base 5?
-1330013
-721 (base 9) to base 14
-2dc
-23201 (base 4) to base 6
-3225
Convert 3667 (base 15) to base 7.
45511
What is 105312 (base 6) in base 8?
21414
What is -13030 (base 7) in base 2?
-110101111011
What is 11110010001 (base 2) in base 7?
5435
What is -121001 (base 3) in base 6?
-2001
-10010001101110 (base 2) to base 3
-110210102
What is 1035 (base 7) in base 12?
269
Convert -4e (base 15) to base 10.
-74
Convert -3330 (base 5) to base 4.
-13101
What is -172 (base 9) in base 16?
-92
What is 10111 (base 